/(-210))/(2/(-3073)). Suppose -4*w + 5*o + 2676 = 0, -4*w - 3*o + i = -42. Is w a prime number?
False
Let h(y) = -y**3 - 3*y**2 + 70*y - 4. Let f be h(20). Is 28/35 + f/(-20) a composite number?
True
Let w = 53 - 49. Suppose a + c = 3*c + 12, -3*a + w = 2*c. Let k = a + 27. Is k a composite number?
False
Suppose -161*x + 317*x + 1943161 = 167*x. Is x a composite number?
False
Is 1 + (-76)/84 + 954234468/756 a composite number?
True
Suppose 5*z - 103 = -28. Suppose z*c - 6 = 12*c. Suppose 0 = 4*j - c*j - 1486. Is j composite?
False
Suppose -23*v + 159488 = -7*v. Let b = -3237 + v. Is b composite?
True
Let i(y) = -18*y - 5. Let r be i(-1). Suppose -r*a + 10*a + 609 = 0. Is a a prime number?
False
Let p = -184861 + 287772. Is p composite?
False
Suppose 2*u - 15 = 3*d - 2, -16 = -2*u + 4*d. Suppose 0 = u*t - 5*j - 1948, 3*t - 3661 + 714 = -5*j. Is t composite?
True
Let z(t) = 178040*t**2 - 1299*t + 5. Is z(4) composite?
True
Let k = -362 - -353. Is -4*((-106182)/(-8))/k composite?
True
Let w(n) be the third derivative of 193*n**4/24 - 74*n**3/3 - 2*n**2 - 19*n. Is w(23) a prime number?
False
Let m = -1286 - -1958. Suppose -m = 83*g - 81*g. Let i = 1223 + g. Is i a composite number?
False
Let p(u) = 117*u**2 + 8*u + 13. Let y(g) = g**2 + 2*g. Let l(z) = p(z) + y(z). Is l(-6) a prime number?
True
Let f be (6 - 40/25) + 2/(-5). Suppose -f*k - 3*g = -1013, -4*g = -2*k - k + 766. Is k prime?
False
Is (42/(-6) - -9)*26545/10 a prime number?
True
Let o = -12 - -5. Let k(a) = 3*a**3 + 18*a**2 + 40*a - 20. Let x(i) = -2*i**3 - 12*i**2 - 26*i + 13. Let y(l) = 5*k(l) + 8*x(l). Is y(o) a composite number?
False
Is (-53311895)/(-26) - ((-117)/6)/13 prime?
True
Let z be (-3)/(9/6) + -2. Let x(j) = j**2 - j + 4 + 19 - 14 - 17*j**3. Is x(z) prime?
True
Let t(c) = -3*c**3 + 10*c**2 - 5*c - 21. Let k(i) = 4*i**3 - 9*i**2 + 6*i + 21. Let m(n) = -2*k(n) - 3*t(n). Let a be m(9). Let o = 62 - a. Is o a prime number?
True
Suppose 27 = -3*b + 2*s, -b - 3*s = -s + 17. Let w = b + 8. Let n(i) = 71*i**2 + 6*i + 5. Is n(w) composite?
True
Let r(t) = -68127*t + 41. Is r(-4) a prime number?
True
Let z(m) be the first derivative of 285*m**2/2 + 49*m - 86. Is z(4) composite?
True
Suppose -3*v + 3*z = 6003, 2*v + 16*z = 19*z - 4006. Let j = 6314 - v. Is j a prime number?
True
Let u = 17 + -13. Suppose u*o + 6 = -14. Let b(x) = -449*x. Is b(o) prime?
False
Suppose -4*k - 19*w + 20*w + 38868 = 0, 38868 = 4*k + 3*w. Suppose 4*m = 10*y - 5*y - k, -4*m = -8. Is y prime?
False
Let b(v) = -4003*v + 615. Is b(-8) composite?
True
Let f be 0/((-1)/(-2)*-6). Let c be (-4 - f)*(-4)/2*1. Is c/6*267/2 prime?
False
Is 1/(-3) + (-15)/((-630)/2721488) a composite number?
True
Let h(o) = -7*o - 24. Let s be h(-5). Let q = s + -24. Let x = q - -204. Is x prime?
True
Let w = 4825 - 3064. Let s = w - 374. Is s composite?
True
Is (2 + 32/(-6))/((-70)/19751235) a prime number?
False
Let m(h) = 46*h**2 - 63*h - 696. Is m(47) a composite number?
True
Let h = -159 - -155. Let q be 134 - (h - (-2 + -2)). Let a = 148 - q. Is a a prime number?
False
Let v(p) = -688*p**3 + 3*p**2 + 8*p + 7. Let u be -1 - 0 - 1 - (42 + -42). Is v(u) a prime number?
True
Let c = 86 + -62. Suppose 0 = 3*l - 4*o + 22, -2*l + 4*o + 4 = c. Is 2*l/(-4) + 628 prime?
False
Suppose -25*m + 32*m - 126343 = 0. Let x = m - -3808. Is x composite?
True
Let q(l) = -135*l - 19. Suppose -9 = -3*t, 0*s + 12 = -3*s + 4*t. Let d be (-20)/5 - (-2 - 0) - s. Is q(d) composite?
False
Suppose 0*z = 5*z - 10. Let t be 621/9 + z/2. Suppose 3*x - 2*d = -t + 289, -272 = -4*x - 4*d. Is x a prime number?
True
Let t(y) = -2358*y - 1033. Is t(-15) a composite number?
False
Suppose -26*w + 21*w = 4700. Let l = w - -15573. Is l prime?
True
Is (-16)/112 + 24/21 + 53478 a prime number?
True
Let h = 1361 - -2097. Suppose 3*x = 925 + h. Is x composite?
True
Let q(v) = v**2 - 3 + 7 + 36 + 36 + 4*v. Is q(-7) composite?
False
Let k(q) be the first derivative of 154*q**3/3 - 7*q**2/2 - 5*q - 10. Is k(6) a composite number?
True
Suppose -5*p - c + 27 = -6, 5*p - c - 37 = 0. Is (257484/14)/6 - 2/p a composite number?
True
Let z(q) = 2902*q + 88. Let j be z(3). Suppose -j = 4*v - 4*p - 25258, 5*v - 20540 = -3*p. Is v a prime number?
True
Suppose 2*p - 3*m - 38677 = 5841, -2*m + 22231 = p. Is p a prime number?
True
Suppose 3*v + 6*f - 179991 = 0, -17*f + 21*f = 4*v - 240048. Is v a composite number?
True
Is (-16)/(-120) - 56957824/(-420) prime?
False
Suppose 0 = -4*m - d + 634446, 5*d - 10*d = -10. Is m prime?
True
Suppose 4*d + 26 = 2*n, 2 = d + 4. Suppose n*z - 33020 = -1367. Is z a prime number?
True
Let d(z) = 2*z - 8. Let h(l) = -l + 4. Let g(o) = 2*d(o) + 5*h(o). Let q be g(17). Let r(n) = -n**3 - 11*n**2 + 14*n + 35. Is r(q) a composite number?
False
Suppose 5*s - 2*k = 513325, -4*k + 12 = -8. Is s a composite number?
False
Suppose 360*u - 12273927 + 12178310 = 45104183. Is u composite?
True
Let a(p) = -p - 13. Let f be a(-13). Let r(y) = -7*y**2 - y + 35. Let w(j) = 16*j**2 + 2*j - 71. Let n(c) = 9*r(c) + 4*w(c). Is n(f) prime?
True
Let y(o) = -11*o**3 + 47*o**2 - 16*o + 77. Is y(-26) a composite number?
False
Let l(m) = 20 + 7*m**2 - 1 - 5*m**2 - 17*m. Let d be l(14). Let r = 458 + d. Is r composite?
False
Let t be 7166/4 - (-9)/6. Suppose -4*c = -7089 + t. Suppose 7*i - 9*i + c = 0. Is i composite?
True
Let q be ((-75)/(-25))/(-2 + 5 + -2). Suppose 10221 = q*y + 4*n, -2*y - 5*n = y - 10221. Is y composite?
False
Let r(l) = -3*l**2 - l. Let j(u) = -21*u**2 + 75*u + 27. Let n(x) = -j(x) + 2*r(x). Is n(-12) a prime number?
False
Let h = 1125 + -303. Let m = h - -200. Suppose 2*x - 4*l = -0*x + m, 5*x = -3*l + 2490. Is x prime?
False
Let w = 9306 + -1615. Is w a prime number?
True
Let c(x) = x**3 + 7*x**2 + 4*x + 31. Let z be c(-7). Suppose -i - 18312 = -3*m, 3 = -z*i + 2*i. Is m composite?
True
Suppose -65114348 = -95*n + 22*n - 15286957. Is n composite?
True
Let f = -31967 + 47058. Is f a composite number?
False
Let k be (2 - 14/4)*(-27232)/(-3). Is (-2)/(-10) - (4 + k/20) prime?
True
Suppose 161*b - 170*b = -26718597. Is b a prime number?
True
Suppose 13*q = 12*q + 3. Suppose -6 = -q*b - 0*b. Suppose -2*y + 624 = -2*s, 0*y + 3*s = -b*y + 649. Is y a composite number?
False
Suppose -11*r = -18*r + 2310. Suppose -5*i + r = 5*d, 3*d - 3 = -0. Is i a prime number?
False
Let r be (4 - (-4 - 25))/3. Suppose 48177 + 62692 = r*y. Is y prime?
True
Suppose -5*q = -2*n - 5, 4*q - 8 = -n + 3*q. Suppose -60 = -2*r + n*p, -4*r + 7*r = 3*p + 108. Is (-24474)/(-15) - 24/r composite?
True
Suppose 0 = -0*b + 4*b + 5*s - 1, -23 = -5*b + s. Let a be (2 - (-40)/(-15))/(b/5286). Let v = a - -4424. Is v a composite number?
True
Let c = 2482 + -2474. Let n(v) = 8*v**2 + 8*v + 9. Let u be n(-6). Suppose u = c*m - 367. Is m prime?
False
Let s = 830896 - 587195. Is s composite?
False
Let y be (-2)/(-17) + 695520/(-136). Is (6 + -4)/(-1)*y/4 composite?
False
Let y = -934 - -3531. Let k = y - 1216. Is k composite?
False
Suppose -564902 + 865669 + 728178 = 95*a. Is a composite?
False
Let m(a) = -80*a - 33. Let d(j) = -j**2 - j + 9. Let w be d(-3). Suppose w*g - 4*g = 13. Is m(g) a prime number?
False
Suppose -2*o + 5*y + 13199 = 0, -5*o = -4*y + 8*y - 33047. Is ((-1)/(-3))/(3/9)*o prime?
True
Let u be (-2 - -6)*3*(-1234)/8. Let x = 2575 - u. Let y = x + -2607. Is y composite?
True
Let n = 38 + -36. Suppose 2*z = -2*q + 3*q + 15, n*q = 2*z - 16. Let v(f) = 6*f**2 - 5*f - 6. Is v(z) prime?
False
Let y(r) = -4*r**2 + 13*r - 7. Let p be y(4). Let x(u) = -33*u - 4 - 6 + 1 - 20*u. Is x(p) a composite number?
True
Let r(p) = -p**3 - 8*p**2 - 7*p + 2. Let q be r(-7). Suppose w + 3*s - 1688 = 0, 0 = -3*w + q*s - 0*s + 5009. Is w a composite number?
True
Suppose 0 = -3*l + l - 3*u - 19, u = -1. Let p(d) = -41*d**3 - 3*d**2 - 21*d - 47. Is p(l) a composite number?
False
Suppose h - 254 = -3*x + 5*x, 3*x + 2*h + 388 = 0. Let z = x - -85. Let o = 126 + z. Is o prime?
True
Is (69/(-345))/(2/(-1179010)) prime?
False
Let p(t) = -t + 17. Let h be p(17). Suppose h*g = 7*g - 77. Suppose g*u - 9*u - 730 = 0. Is u composite?
True
Let j(a) = 849*a + 48. Let i be (-291)/(-15) + ((-39)/(-15) - 3). Is j(i) a composite number?
True
Suppose 0 = 121*w + 2125004 - 20857800 - 4468591. Is w a prime number?
True
Let k b